 5*c = -5*w + 39570. What is the units digit of c?
0
Suppose 11*z - 178969 = 6*z - r, 0 = 4*z + 5*r - 143150. What is the units digit of z?
5
What is the units digit of (1/(-2))/(96/(-10851648))?
9
Let n = -40 - -67. Let i be (-3*(-186)/n)/(2/(-93)). What is the units digit of i/(-7) + 36/(-126)?
7
Suppose 18*m + 4305 = -2967. Let c = m - -519. What is the tens digit of c?
1
Let j(w) = -178*w + 228. Let p be j(-9). Suppose 293*c = 295*c - p. What is the units digit of c?
5
Suppose 6845 = 5*m - 9*z + 6*z, 2*z = -10. Let o be m/11 + 3/(132/(-8)). Suppose 4*a = s + 95, 5*a - 2*s - s = o. What is the tens digit of a?
2
Let i be (0 + -2 + 1)/((-20)/100). Suppose 0 = -i*r + 95 - 25. What is the units digit of (r + 4)*(-2)/((-12)/10)?
0
Let s(v) = -170*v - 6343. Let h be s(-39). Let x be 8 + (-1 + 2)/1. Let j = h + x. What is the units digit of j?
6
Let d = 165 - 163. What is the units digit of 4/d + 1 + 228*3?
7
Let x(l) = -2*l - 21. Let u be x(-5). What is the tens digit of (-10638)/u + (-18)/198?
6
Let l(b) = -129*b + 641. What is the tens digit of l(-28)?
5
Let b = -43127 - -72785. What is the tens digit of b?
5
What is the tens digit of 2962 - -5 - (8 - 7)?
6
Let z be (662/(-3))/(12/(-90)). Suppose 5*m + 5*i + 1234 = 3994, 3*m + 4*i = z. What is the tens digit of m?
5
Suppose 0 = o + 5*d - 2876, 2*o - 14302 = -3*o + d. What is the tens digit of o?
6
Let k = 754 - 758. What is the hundreds digit of 17 + -16 + 1005 + k?
0
Suppose -165*d = -37218 - 386667. What is the units digit of d?
9
Suppose 3*d = -5*s + 10 + 15, -3*d - 10 = -2*s. Let g(b) = -b**2 + 2*b + 352. What is the tens digit of g(d)?
5
Let h = 82 - 255. Let w be (2*h)/((-2 + -6)/(-4)). Let f = w - -379. What is the tens digit of f?
0
Let v(h) = -5*h + 20. Let m be v(9). Let d = m - -27. Suppose -69 = -j - 2*p + p, -d*j = 3*p - 136. What is the tens digit of j?
7
Let l(a) = 428*a**3 - a**2 + a. Let q be l(1). Suppose 0 = 4*j + 2*b - 1886 - q, -j = -5*b - 573. What is the units digit of j?
8
Suppose 232*p = 5234341 - 1701445. What is the thousands digit of p?
5
Suppose 104093 = 40*a - 12907. What is the hundreds digit of a?
9
Suppose -715 = -10*y - y. Suppose -y - 50 = -5*z. Suppose 18*v + 275 = z*v. What is the units digit of v?
5
Suppose -31*q + 88 = -27*q. Let z = 11 + q. Let s = z + 1. What is the tens digit of s?
3
Suppose 192*a - 193*a - 7 = 0. Let c(p) = 23*p**2 + 2*p + 2. What is the units digit of c(a)?
5
Suppose -3*v = -5*u + 28, -2*v = 3*u - 6 - 7. Let c(f) = 318*f**2 + 5*f + 3. What is the hundreds digit of c(v)?
3
Suppose 5*d + 11 = 3*b - 50, -2*d = 2*b - 14. Suppose -b*c + 18*c - 210 = 0. Suppose 0 = 3*p - 4 - c. What is the tens digit of p?
1
Let w = 12590 + 414. What is the tens digit of w?
0
Let d(a) = -5981*a - 1670. What is the tens digit of d(-4)?
5
Suppose -4*i + 4*d = -6020, 0 = 2*i + 45*d - 49*d - 3020. What is the units digit of i?
0
Suppose 17*q - 48*q = 36*q - 817936. What is the tens digit of q?
0
What is the thousands digit of 11254 - (60/(-24)*(-14)/(-5) + 7)?
1
Suppose 6*g - 15*g + 115903 = -6569. What is the hundreds digit of g?
6
Let w(d) = -22*d + 7. Suppose -5*f = -2*l - l - 32, 0 = -3*f + 3*l + 24. Let u be w(f). Let r = -24 - u. What is the tens digit of r?
5
Let h(i) be the second derivative of -6/5*i**5 - 3/2*i**2 + 9*i + 0 + 1/6*i**4 - 1/6*i**3. What is the hundreds digit of h(-2)?
1
What is the hundreds digit of (-4)/5 - 6/(60/(-33878))?
3
Suppose -3 = -4*c + 5. Let x be 3/(-2)*(c/(-3))/1. What is the units digit of (-26)/(-6) + x/(-3) + 0?
4
Let b = -5688 + 13812. What is the tens digit of b?
2
Suppose 2200 = 17*z - 6*z. Let i(p) = -p**2 - 7*p + 7. Let m be i(-7). Suppose -m*f + 8*f - z = 0. What is the units digit of f?
0
What is the thousands digit of ((-680)/(-32) - 21)/((-2)/(-11216))?
1
Let h(k) = -k**3 + 30*k**2 - 63*k - 30. Let j be h(31). What is the hundreds digit of (64 + 1)*j/(-460)?
4
Let q(x) = -26*x**3 + 12*x**2 - 10*x + 28. What is the hundreds digit of q(-6)?
1
Let f = 33078 + -12348. What is the tens digit of f?
3
Let z be 2/10 + (-234)/(-30). Suppose -z*d = 8*d - 160. Suppose -1505 = 5*g - d*g. What is the units digit of g?
1
What is the thousands digit of ((-4504)/(-32))/((-66)/(-80) + (-84)/105)?
5
Let m(n) be the second derivative of 5*n**5/12 + 3*n**4/8 - 8*n**3/3 + 5*n. Let u(z) be the second derivative of m(z). What is the units digit of u(3)?
9
Let r = 4 - 4. Suppose r*c = 6*c. Suppose c = -4*f - 2*n + 254, 4*f - 310 = -f + 5*n. What is the units digit of f?
3
Let s(k) = -k**2 - 45*k - 31. Let p be s(-31). Let x = p + -286. What is the hundreds digit of x?
1
What is the units digit of ((-67)/3 - 3)*18/(-4)*106?
4
Let y be (20/50)/((-8)/(-10) - 1). Let w be (3 - 12) + y + -1. Let z = w + 38. What is the units digit of z?
6
Let s(a) = -a - 1. Let k(y) = y + 20. Let x(g) = -k(g) - 2*s(g). Let v be x(14). What is the units digit of (58/v)/((-1)/2)?
9
Suppose -160*y + 5383772 = -47*y. What is the tens digit of y?
4
Suppose -31959 + 954727 = 28*b. What is the hundreds digit of b?
9
Let y = 137 - 265. Suppose -2*q = -241 + 651. Let w = y - q. What is the tens digit of w?
7
Let a = -20461 - -29428. What is the hundreds digit of a?
9
Let h(t) = 7*t**2 - 433. What is the units digit of h(17)?
0
Let q = 5866 + -226642. What is the tens digit of q/(-408) - (-4)/(-34)?
4
Suppose y = 2*c + 155, -2*y + 4*c + 745 = 3*y. What is the tens digit of y - 24/(9 - 3)?
4
Let x(s) = 6*s - 87. Let j be x(20). Let h(d) = d**3 - 33*d**2 - 4*d + 44. Let n be h(j). Let t = n - -142. What is the units digit of t?
4
Let a be 601 + 5*(-16)/(-20). Let l = a - -256. What is the units digit of l?
1
Let f = 38906 - 15268. What is the units digit of f?
8
Let y = -45 + 53. Suppose -7*i - y = -43. Suppose -5*d + 20 = 0, -153 - 8 = -i*n + d. What is the tens digit of n?
3
Let c = -266 + 461. What is the tens digit of c?
9
Let s(t) = -180*t + 130. Let n be s(-8). Let u = n - 257. What is the units digit of u?
3
Suppose 0 = -99*y + 98*y + 5*g + 26648, 0 = -3*g + 21. What is the units digit of y?
3
What is the thousands digit of -5 - (-4 - 144/(-42) - (-79638)/(-14))?
5
Suppose 3*s = -6, 5*p + 5*s + 1694 = 45214. What is the tens digit of p?
0
Let i(y) be the second derivative of -y**5/20 - 3*y**4/2 + 9*y**3/2 + 25*y**2/2 + y + 9. Let p be i(-20). Suppose p = -17*a + 18*a. What is the tens digit of a?
8
Let a = 9085 - -1347. What is the ten thousands digit of a?
1
Let c(w) = 19*w**2 + 4*w**3 + 1337 - 3*w**3 + 13*w - 1352. What is the units digit of c(-18)?
5
Let r = -53 - -58. Suppose 0 = r*q - 3*l - 16, -5*q + 3*q - 4*l + 22 = 0. Suppose 4*o - 679 + 175 = -5*v, o + q*v = 111. What is the units digit of o?
1
Let d be 0 + 2146/18 - (-32)/(-144). Suppose -d*t = -110*t - 1314. What is the units digit of t?
6
What is the hundreds digit of 6608 + 2 + (-1 - 8 - 1)?
6
Let r(o) = -o**3 + 13*o**2 + 9*o + 59. Let b(h) = -9*h**2 - 100*h + 2. Let m be b(-11). What is the units digit of r(m)?
6
Suppose -4*t = 2*f + 2*f - 3032, -5*f + t = -3784. Let o = -357 + f. What is the tens digit of o?
0
Suppose c + 3*s - 129 = -2*c, -3*s - 15 = 0. Let y be ((-4)/3)/(2*(-1)/c). Suppose 8 = -j - 2*k + y, 0 = 5*j - 3*k - 159. What is the units digit of j?
0
Let m = -45 - -44. Let x be (m/2)/1 - 45/(-10). Suppose 3*b + 273 = 2*d, -2*d = -3*d + x*b + 139. What is the tens digit of d?
3
Suppose 34*a + 972 = 61*a. Let c = -56 - -79. Let x = a - c. What is the tens digit of x?
1
Suppose 0*q + 2*q - 8044 = -2*d, 4*q = -2*d + 16090. Suppose q = 16*j + 695. What is the tens digit of j?
0
Suppose 8*m - 1891 = -4*t + 3*m, 4*m - 1418 = -3*t. Suppose -t*c + 472*c + 1220 = 0. What is the units digit of c?
0
Let w = -398 + 407. Suppose -4*q + w*q - 1810 = 0. What is the tens digit of q?
6
Suppose 48 = -2*m + 3*g - 7*g, 5*g + 67 = -3*m. What is the tens digit of 1086/2 - (m + 8 - -2)?
4
Let a be (6951/9)/7*3. Let s = a - -125. What is the units digit of s?
6
Let v(r) = 59*r - 2. Let i be 1*-4*(-9)/12 + 0. Suppose -i*q = -4*q + 2. What is the hundreds digit of v(q)?
1
Suppose 4*f - 1 = 7, -2 = -5*n + 4*f. Suppose -n*k = 2*r - 5*r + 939, 5*k = -3*r + 960. What is the hundreds digit of r?
3
Let g = 2248 - -1800. What is the units digit of g?
8
Suppose -101*b = -96*b + 10. Let j be ((-1 + 2)*b - -4) + -1. W